{"id":64,"date":"2026-03-19T08:25:43","date_gmt":"2026-03-19T08:25:43","guid":{"rendered":"https:\/\/metsaammattilaiset.fi\/?page_id=64"},"modified":"2026-03-27T12:33:58","modified_gmt":"2026-03-27T10:33:58","slug":"ajankohtaista","status":"publish","type":"page","link":"https:\/\/metsaammattilaiset.fi\/index.php\/ajankohtaista\/","title":{"rendered":"Ajankohtaista"},"content":{"rendered":"\n<p><strong><a href=\"https:\/\/metsaammattilaiset.fi\/?page_id=65\" data-type=\"page\" data-id=\"65\">Uutiset<\/a><\/strong><\/p>\n\n\n\n<p><strong><a href=\"https:\/\/metsaammattilaiset.fi\/?page_id=68\" data-type=\"page\" data-id=\"68\">Tiedotteet<\/a><\/strong><\/p>\n\n\n\n<p><strong><a href=\"https:\/\/metsaammattilaiset.fi\/?page_id=66\" data-type=\"page\" data-id=\"66\">Kannanotot<\/a><\/strong><\/p>\n\n\n\n<p><strong><a href=\"https:\/\/metsaammattilaiset.fi\/?page_id=67\" data-type=\"page\" data-id=\"67\">Blogi<\/a><\/strong><\/p>\n\n\n\n<p>Ajankohtaista sivuilta voit hyp\u00e4t\u00e4 suoraan p\u00e4iv\u00e4n polttamiin mets\u00e4aiheisiin. <\/p>\n\n\n\n<p><strong>Uutisissa<\/strong> on koottu linkkej\u00e4 mets\u00e4aiheisiin uutisiin, jotka l\u00e4p\u00e4isev\u00e4t mets\u00e4ammattilaisten faktantarkastuksen. Ne uutiset, jotka eiv\u00e4t l\u00e4p\u00e4ise faktantarkastusta, l\u00f6ytyv\u00e4t osiosta <a href=\"https:\/\/metsaammattilaiset.fi\/index.php\/mediajulkaisut\/\" data-type=\"page\" data-id=\"18\">media ja faktantarkastus<\/a>.<\/p>\n\n\n\n<p><strong>Tiedotteet<\/strong> tarjoavat mets\u00e4ammattilaisten julkaisemia tiedotteita. <\/p>\n\n\n\n<p><strong>Kannanotot<\/strong> sis\u00e4lt\u00e4v\u00e4t mets\u00e4ammattilaisten kannanottoja. Niit\u00e4 voidaan tehd\u00e4 esimerkiksi lains\u00e4\u00e4d\u00e4nn\u00f6n valmisteluun liittyviin lausuntopyynn\u00f6ihin, eri tahojen julkaisemiin suosituksiin tai muuten mets\u00e4ammattilaisten asemaan vaikuttaviin asioihin.<\/p>\n\n\n\n<p><strong>Blogeissa<\/strong> mets\u00e4ammattilaiset kirjoittavat  n\u00e4kemyksist\u00e4\u00e4n mets\u00e4aiheisiin, ty\u00f6h\u00f6n, vapaa-aikaan tai vaikkapa perheeseen liittyviss\u00e4 asioissa.<\/p>\n\n\n\n<p>Tilaa mets\u00e4ammattilaisten verkoston uutiskirje alla olevalla lomakkeella<\/p>\n\n\n<style id=\"wpforms-css-vars-122-block-dbff2a90-d0be-4f4d-b317-4ded986d869b\">\n\t\t\t\t#wpforms-122.wpforms-block-dbff2a90-d0be-4f4d-b317-4ded986d869b {\n\t\t\t\t--wpforms-field-size-input-height: 43px;\n--wpforms-field-size-input-spacing: 15px;\n--wpforms-field-size-font-size: 16px;\n--wpforms-field-size-line-height: 19px;\n--wpforms-field-size-padding-h: 14px;\n--wpforms-field-size-checkbox-size: 16px;\n--wpforms-field-size-sublabel-spacing: 5px;\n--wpforms-field-size-icon-size: 1;\n--wpforms-label-size-font-size: 16px;\n--wpforms-label-size-line-height: 19px;\n--wpforms-label-size-sublabel-font-size: 14px;\n--wpforms-label-size-sublabel-line-height: 17px;\n--wpforms-button-size-font-size: 17px;\n--wpforms-button-size-height: 41px;\n--wpforms-button-size-padding-h: 15px;\n--wpforms-button-size-margin-top: 10px;\n\t\t\t}\n\t\t\t<\/style><div class=\"wpforms-container wpforms-container-full wpforms-block wpforms-block-dbff2a90-d0be-4f4d-b317-4ded986d869b wpforms-render-modern\" id=\"wpforms-122\"><form id=\"wpforms-form-122\" class=\"wpforms-validate wpforms-form wpforms-ajax-form\" data-formid=\"122\" method=\"post\" enctype=\"multipart\/form-data\" action=\"\/index.php\/wp-json\/wp\/v2\/pages\/64\" data-token=\"f50dadd724090ca29d6c3912e1d86bef\" data-token-time=\"1775420805\"><noscript class=\"wpforms-error-noscript\">Please enable JavaScript in your browser to complete this form.<\/noscript><div id=\"wpforms-error-noscript\" style=\"display: none;\">Please enable JavaScript in your browser to complete this form.<\/div><div class=\"wpforms-field-container\"><div id=\"wpforms-122-field_1-container\" class=\"wpforms-field wpforms-field-name\" data-field-id=\"1\"><fieldset><legend class=\"wpforms-field-label\">Nimi <span class=\"wpforms-required-label\" aria-hidden=\"true\">*<\/span><\/legend><div class=\"wpforms-field-row wpforms-field-medium\"><div class=\"wpforms-field-row-block wpforms-first wpforms-one-half\"><input type=\"text\" id=\"wpforms-122-field_1\" class=\"wpforms-field-name-first wpforms-field-required\" name=\"wpforms[fields][1][first]\" aria-errormessage=\"wpforms-122-field_1-error\" aria-describedby=\"wpforms-122-field_1-description\" required><label for=\"wpforms-122-field_1\" class=\"wpforms-field-sublabel after\">First<\/label><\/div><div class=\"wpforms-field-row-block wpforms-one-half\"><input type=\"text\" id=\"wpforms-122-field_1-last\" class=\"wpforms-field-name-last wpforms-field-required\" name=\"wpforms[fields][1][last]\" aria-errormessage=\"wpforms-122-field_1-last-error\" aria-describedby=\"wpforms-122-field_1-description\" required><label for=\"wpforms-122-field_1-last\" class=\"wpforms-field-sublabel after\">Last<\/label><\/div><\/div><div id=\"wpforms-122-field_1-description\" class=\"wpforms-field-description\">T\u00e4ytt\u00e4m\u00e4l\u00e4 ja l\u00e4hett\u00e4m\u00e4ll\u00e4 lomakkeen saan mets\u00e4ammattilaisten verkoston uutiskirjeet s\u00e4hk\u00f6postiini. Samalla sitoudun tietojeni k\u00e4sittelyyn tietosuojaselosteen mukaisesti.<\/div><\/fieldset><\/div>\t\t<div id=\"wpforms-122-field_3-container\"\n\t\t\tclass=\"wpforms-field wpforms-field-text\"\n\t\t\tdata-field-type=\"text\"\n\t\t\tdata-field-id=\"3\"\n\t\t\t>\n\t\t\t<label class=\"wpforms-field-label\" for=\"wpforms-122-field_3\" >S\u00e4hk\u00f6posti Nimi<\/label>\n\t\t\t<input type=\"text\" id=\"wpforms-122-field_3\" class=\"wpforms-field-medium\" name=\"wpforms[fields][3]\" >\n\t\t<\/div>\n\t\t<div id=\"wpforms-122-field_2-container\" class=\"wpforms-field wpforms-field-email\" data-field-id=\"2\"><label class=\"wpforms-field-label\" for=\"wpforms-122-field_2\">S\u00e4hk\u00f6posti <span class=\"wpforms-required-label\" aria-hidden=\"true\">*<\/span><\/label><input type=\"email\" id=\"wpforms-122-field_2\" class=\"wpforms-field-medium wpforms-field-required\" name=\"wpforms[fields][2]\" spellcheck=\"false\" aria-errormessage=\"wpforms-122-field_2-error\" required><\/div><script>\n\t\t\t\t( function() {\n\t\t\t\t\tconst style = document.createElement( 'style' );\n\t\t\t\t\tstyle.appendChild( document.createTextNode( '#wpforms-122-field_3-container { position: absolute !important; overflow: hidden !important; display: inline !important; height: 1px !important; width: 1px !important; z-index: -1000 !important; padding: 0 !important; } #wpforms-122-field_3-container input { visibility: hidden; } #wpforms-conversational-form-page #wpforms-122-field_3-container label { counter-increment: none; }' ) );\n\t\t\t\t\tdocument.head.appendChild( style );\n\t\t\t\t\tdocument.currentScript?.remove();\n\t\t\t\t} )();\n\t\t\t<\/script><\/div><!-- .wpforms-field-container --><div class=\"wpforms-submit-container\" ><input type=\"hidden\" name=\"wpforms[id]\" value=\"122\"><input type=\"hidden\" name=\"page_title\" value=\"\"><input type=\"hidden\" name=\"page_url\" value=\"https:\/\/metsaammattilaiset.fi\/index.php\/wp-json\/wp\/v2\/pages\/64\"><input type=\"hidden\" name=\"url_referer\" value=\"\"><button type=\"submit\" name=\"wpforms[submit]\" id=\"wpforms-submit-122\" class=\"wpforms-submit\" data-alt-text=\"Tilausta k\u00e4sitell\u00e4\u00e4n...\" data-submit-text=\"Tilaa\" aria-live=\"assertive\" value=\"wpforms-submit\">Tilaa<\/button><img loading=\"lazy\" decoding=\"async\" src=\"https:\/\/metsaammattilaiset.fi\/wp-content\/plugins\/wpforms-lite\/assets\/images\/submit-spin.svg\" class=\"wpforms-submit-spinner\" style=\"display: none;\" width=\"26\" height=\"26\" alt=\"Loading\"><\/div><\/form><\/div>  <!-- .wpforms-container -->","protected":false},"excerpt":{"rendered":"<p>Uutiset Tiedotteet Kannanotot Blogi Ajankohtaista sivuilta voit hyp\u00e4t\u00e4 suoraan p\u00e4iv\u00e4n polttamiin mets\u00e4aiheisiin. Uutisissa on koottu linkkej\u00e4 mets\u00e4aiheisiin uutisiin, jotka l\u00e4p\u00e4isev\u00e4t mets\u00e4ammattilaisten faktantarkastuksen. Ne uutiset, jotka eiv\u00e4t l\u00e4p\u00e4ise faktantarkastusta, l\u00f6ytyv\u00e4t osiosta media ja faktantarkastus. Tiedotteet tarjoavat mets\u00e4ammattilaisten julkaisemia tiedotteita. Kannanotot sis\u00e4lt\u00e4v\u00e4t mets\u00e4ammattilaisten kannanottoja. Niit\u00e4 voidaan tehd\u00e4 esimerkiksi lains\u00e4\u00e4d\u00e4nn\u00f6n valmisteluun liittyviin lausuntopyynn\u00f6ihin, eri tahojen julkaisemiin suosituksiin tai [&hellip;]<\/p>\n","protected":false},"author":1,"featured_media":112,"parent":0,"menu_order":0,"comment_status":"closed","ping_status":"closed","template":"","meta":{"footnotes":""},"class_list":["post-64","page","type-page","status-publish","has-post-thumbnail","hentry"],"_links":{"self":[{"href":"https:\/\/metsaammattilaiset.fi\/index.php\/wp-json\/wp\/v2\/pages\/64","targetHints":{"allow":["GET"]}}],"collection":[{"href":"https:\/\/metsaammattilaiset.fi\/index.php\/wp-json\/wp\/v2\/pages"}],"about":[{"href":"https:\/\/metsaammattilaiset.fi\/index.php\/wp-json\/wp\/v2\/types\/page"}],"author":[{"embeddable":true,"href":"https:\/\/metsaammattilaiset.fi\/index.php\/wp-json\/wp\/v2\/users\/1"}],"replies":[{"embeddable":true,"href":"https:\/\/metsaammattilaiset.fi\/index.php\/wp-json\/wp\/v2\/comments?post=64"}],"version-history":[{"count":4,"href":"https:\/\/metsaammattilaiset.fi\/index.php\/wp-json\/wp\/v2\/pages\/64\/revisions"}],"predecessor-version":[{"id":131,"href":"https:\/\/metsaammattilaiset.fi\/index.php\/wp-json\/wp\/v2\/pages\/64\/revisions\/131"}],"wp:featuredmedia":[{"embeddable":true,"href":"https:\/\/metsaammattilaiset.fi\/index.php\/wp-json\/wp\/v2\/media\/112"}],"wp:attachment":[{"href":"https:\/\/metsaammattilaiset.fi\/index.php\/wp-json\/wp\/v2\/media?parent=64"}],"curies":[{"name":"wp","href":"https:\/\/api.w.org\/{rel}","templated":true}]}}